f k**5/10 - k**4/4 + 2*k**3/3 - k**2 - 2*k. Let q = 80 - 78. Calculate y(q).
10
Let w(v) be the second derivative of -v**5/20 - 5*v**4/6 - 7*v**3/6 + 8*v**2 - v - 19. What is w(-9)?
-2
Let w(m) = 3*m + 2. Let t(d) = -50*d - 35. Let y(i) = -2*t(i) - 35*w(i). Let z be 44/(-24) + (-4)/24. Calculate y(z).
10
Let r(c) = 18*c + 23. Let o be r(-1). Let a(j) = -2*j**2 + 7*j + 2. Determine a(o).
-13
Let t = 1 + -1. Suppose 4*x + 33 = 41. Suppose 0 = -5*a + 4*n + 5, 2*a + x*n - 2 + 0 = t. Let h(w) = 2*w. Calculate h(a).
2
Let c(n) = 4*n - 3. Let s = -56 - -60. Suppose 13*a - 15*a = -s. Calculate c(a).
5
Let g(n) = n**3 - 9*n**2 + 6*n + 11. Let j be g(8). Let p(z) = 2. Let s(q) = -q - 4. Let b(x) = -2*p(x) - s(x). Determine b(j).
-5
Suppose s - 3*l = 21 - 6, 0 = 5*l + 15. Suppose -5*i + 4 = -s. Let m(p) = -2*p**3 + 2*p**2 - p + 2. Calculate m(i).
-8
Let y(g) = 2*g - 7. Let x(o) = o**3 - 41*o**2 + 40*o + 5. Let z be x(40). Determine y(z).
3
Let y(k) = -3 - 2*k - 2*k + 3*k. Suppose 4*l + 5 - 1 = -2*c, -2*c + 8 = -2*l. Let j be (-132)/28 + c/(-7). Determine y(j).
2
Let i = -48/31 - -607/372. Let x(k) be the third derivative of 0 + 0*k + 7*k**2 + 4/3*k**3 + i*k**4. Calculate x(-6).
-4
Suppose s + 4 = -b + 2*b, -2*b + 3*s = -10. Let g(f) = 2*f**2 + 6*f**3 + b + f**2 - 7*f**3. What is g(3)?
2
Suppose 3*u = -4*t - t + 12, 2*u = -5*t + 13. Let b(p) = -p - 4. Let z(w) = -4. Let k(c) = 5*b(c) - 6*z(c). What is k(t)?
-11
Let c(q) = 0*q - 1 - 6 + 5*q + 11. Determine c(-4).
-16
Let g(w) = -9*w**3 - 11*w**2 + 20*w + 21. Let u(s) = 8*s**3 + 11*s**2 - 19*s - 20. Let c(t) = 7*g(t) + 8*u(t). What is c(-12)?
-13
Suppose 43*d = 68*d + 125. Let k(r) = 5*r + 32. Give k(d).
7
Suppose -4*k + 7 = g, -4*g - 3*k = -0*k - 2. Let o(u) = -u + 0*u - 1 - 2*u + 6*u. Determine o(g).
-4
Let o be 3 + -8*(-15)/(-6). Let r = o + 24. Let n(q) = 7 - 9*q**2 + q**2 - r. Calculate n(1).
-8
Let m(a) be the third derivative of a**5/60 - a**4/4 + a**3/6 + 22*a**2. Suppose 18 = 4*c - 6. Calculate m(c).
1
Let a(h) = -54*h**2 + 8*h - 36. Let v(x) = 19*x**2 - 3*x + 12. Let c(w) = -6*a(w) - 17*v(w). Determine c(-6).
30
Let k(b) = -b**2 - 3*b + 5. Suppose 0 = -7*o + 4*o + 3. Let f be (1/3)/(3/(-45)) - -10. Suppose 0 = -g + o - f. What is k(g)?
1
Let j(u) = -u**3 - 10*u**2 - 11*u - 15. Let i be j(-9). Suppose -4 = -4*o, i*o = w + 13 - 4. Let q(z) = -z**2 - 4*z + 3. Determine q(w).
-9
Let u(j) = 1 - 3 - 4*j + 2. Let r(k) = k - 2. Let f be r(5). Suppose 0*q - 16 = -3*y - 5*q, -f*y + 3*q = 0. Calculate u(y).
-8
Let b = -191 + 192. Let g(j) = 15*j - 11. What is g(b)?
4
Let i(j) = -6*j**3 - 13*j**2 - 2*j - 8. Let g(p) = 5*p**3 + 13*p**2 + 4*p + 7. Let u(m) = -5*g(m) - 4*i(m). Calculate u(-12).
-3
Let i(c) = -3*c**2 - c - 1. Let g be (-3)/5*(-70)/147*-7. Calculate i(g).
-11
Let o = 512 - 524. Let w(f) = -f - 17. Give w(o).
-5
Let z(g) = 2*g + 8. Suppose 4*j - 5*j = 2*q - 11, 0 = -q + 5*j + 22. Calculate z(q).
22
Suppose c + 4 + 5 = y, 5*c + 15 = 0. Let t(z) = z**2 - 5*z + 9. Determine t(y).
15
Suppose 5*z + 25 = -2*k, -1 = 3*z + 3*k + 5. Let j(i) = -5 - 9*i + 46*i - 38*i. What is j(z)?
2
Let v(l) be the second derivative of -l**3/2 - 7*l**2/2 + 4*l. Let m = -1377 + 1372. What is v(m)?
8
Let b = -92 - 52. Let a be 4/18 - (-608)/b. Let c(h) = 0 - 2*h - h**3 - 5*h**2 + 2 - 3. Give c(a).
-9
Let o(i) = 7*i - 3. Let d be (3 - -1)*6/6. Let y be 4 + (-9)/d + 3/12. Calculate o(y).
11
Let q(f) = f**2 - 7*f + 3. Let a = 45 - 41. Suppose -2*m = a*n + 8, 12 = 4*m + m + 2*n. What is q(m)?
-9
Let c(g) = g**2 - g + 1. Let m(i) = 4*i**2 - 3*i + 5. Let b(f) = 5*c(f) - m(f). Suppose 19*d = 3*d + 48. Determine b(d).
3
Let m(q) be the third derivative of q**4/24 - q**3/2 - 4*q**2. Suppose -28 = -8*h + 20. Give m(h).
3
Let l(d) = -3*d + 3. Let i be (-540)/(-81)*6/8. Give l(i).
-12
Let j(k) = k + 11. Suppose 0 = 17*l + 13 + 38. Give j(l).
8
Let b = 0 - 7. Let k(j) be the third derivative of -j**6/120 - 2*j**5/15 - j**4/4 - j**3/2 - 1238*j**2. Give k(b).
-10
Let r(d) be the second derivative of d**8/6720 + d**7/315 + d**6/144 - 3*d**5/40 + 7*d**4/12 + 5*d. Let q(m) be the third derivative of r(m). Calculate q(-7).
5
Let z(b) = -4*b**2 + b - 1. Let c(y) = y**2 + 1. Let k(v) = -5*c(v) - z(v). Let i(x) = x + 12. Let r be i(-12). Suppose -5*d + 7*d = r. Give k(d).
-4
Let y(q) = -q**2 - 2*q - 3. Let i(d) = -d + 13. Suppose -2*b - 3*u = -6*b + 58, -4*b - u + 66 = 0. Let o be i(b). Let w be 3/(-1*(-3)/o). Give y(w).
-6
Let o(t) = -t**3 - 3*t**2 + 3*t + 5. Suppose 3*r - 104 = -4*l, 2*l + 264 = 4*r + 96. Let f be r/15*6/(-4). Determine o(f).
9
Let l(o) = 2*o**2 - 4*o + 2. Let b be l(3). Suppose 2*a = -2*q - 6, 2*a + q = -b - 3. Let t(d) = -d - 3. Calculate t(a).
5
Suppose -6*l = -10*l + 300. Let y = -73 + l. Let f(s) be the first derivative of -2*s**3/3 - 2*s + 1. Give f(y).
-10
Let n(s) = s**2 + 2*s - 1. Let l(t) = 6*t**2 + 10*t - 9. Let k(x) = -l(x) + 5*n(x). Give k(3).
-5
Let c = -13 - -15. Let q(w) = 7*w**2 + 8 - w**3 - c*w**2 + 4*w + 3 - 7. Suppose -2*y + 3*y - 6 = 0. Calculate q(y).
-8
Let m(g) = -g**2 + 4*g - 3. Let t(z) = -z**2 + 104*z - 493. Let b be t(5). What is m(b)?
1
Let h(n) be the third derivative of n**6/120 - n**5/6 - 7*n**4/24 - n**3/3 + 690*n**2. Calculate h(11).
42
Let b(o) be the second derivative of o**3/6 - 3*o**2 + 80*o. Determine b(9).
3
Let g be 1 - (-2 + 6 - -10). Let j(z) = z + 19. What is j(g)?
6
Suppose l = -2*l - 9, 4*l = u. Let q be (4/u)/(2/6). Let v(z) be the first derivative of 3*z**4/2 + z**3/3 - z - 35. Give v(q).
-6
Let p(t) = -5*t - 7*t**2 + 1 - 3*t**2 + 11*t**2. What is p(3)?
-5
Suppose 41 + 34 = -5*o. Let c be o/5 - 2/1. Let h(n) = -n**3 - 4*n**2 + 5*n - 5. Determine h(c).
-5
Suppose 0 = -3*x + 5*x. Let v(r) = -2*r + 12. Calculate v(x).
12
Let z(g) be the third derivative of -g**5/60 - g**4/4 + g**3/3 - 2*g**2 - 59. What is z(-8)?
-14
Let q(x) be the second derivative of x**4/12 - 19*x**3/6 + 18*x**2 - 102*x - 2. What is q(17)?
2
Suppose -18*i + 19*i = -4*m + 41, -3*i = 4*m - 43. Let y(t) = -t**2 + 9*t + 8. Give y(m).
-2
Let i(f) be the third derivative of -f**5/60 + 5*f**4/12 + 11*f**3/6 - 3*f**2. Let u be i(9). Suppose -3*s - s = u. Let h(v) = -v**2 - 7*v + 1. Give h(s).
11
Let y(u) = u**2 - 4*u + 2. Suppose -14*c + 126 = 42. Give y(c).
14
Let h(y) = -y**2 - y - 1. Let a(s) = 2*s. Let k(u) = -a(u) - h(u). Calculate k(-2).
7
Let p(t) be the third derivative of t**7/420 - t**5/60 + t**4/24 - 3*t**3/2 + 12*t**2. Let h(m) be the first derivative of p(m). Determine h(1).
1
Let q(x) = x + x**3 - 2 + 8 + 5*x**2 - 24*x**2 + 19*x**2. Calculate q(0).
6
Suppose 0 = -4*y - 2*s + 16, -s + 4 - 14 = -4*y. Let p(d) = 0*d**2 - y + 4 - 2 - d**2 - 2*d. Calculate p(-2).
-1
Suppose 2*n + 3*n + 30 = 0. Suppose 4*i - 84 = -4*m - m, 5*m - 120 = 5*i. Let g(u) = -9*u - u + m*u**2 + 4 - 21*u**2 + 5*u. Calculate g(n).
-2
Let t(c) = -4*c**2 - 5*c + 3. Let i(v) = 7*v**2 + 9*v - 4. Let l(p) = -3*i(p) - 5*t(p). Calculate l(-3).
-6
Let m be ((-9)/(-12))/((-77)/(-28) - 3). Let p(u) = 4*u - 3. Give p(m).
-15
Suppose -4*x - 24 = -6*x + 4*w, -5*x + 2*w + 20 = 0. Let n(h) = -8*h**3 + h**2 + 1. Calculate n(x).
-59
Let y(z) = 5*z**3 + 2*z**2 - 2*z + 1. Let a be y(1). Let n = -4 + 6. Let u(j) = 8*j**2 - 6 - 6*j - j**3 + 7*j**2 - 1 - 8*j**n. Calculate u(a).
-7
Let j be (0 - 0) + (-5 - -7). Suppose j*w - 3*w = 0. Let k(s) = -3*s + w*s + s**2 - 1 - 3*s + 7. Calculate k(6).
6
Let j(s) = s**2 - 9*s + 9. Suppose 0 = -4*m + 5*c + 100 - 74, 3*m = 5*c + 22. What is j(m)?
-11
Let v(w) = 1. Let j(y) = -y - 4. Let z(r) = -2*r - 3. Let i be (2 - 0 - 0)*-1. Let o be z(i). Let g(a) = o*j(a) + 5*v(a). Determine g(6).
-5
Suppose 136 = -6*i - 149 + 309. Let l(w) = w**2 + 0*w - 5*w + 2*w. What is l(i)?
4
Let c(a) = -a**2 - 9*a - 25. Let n be (-84)/15 - (-22)/(-55). What is c(n)?
-7
Let o(t) be the first derivative of -3*t**2/2 - 5*t - 4. Let u be 4*(-3)/(-6)*1. Suppose 2*b + 16 = -u*b. Give o(b).
7
Let k(z) = 7*z**3 + 13*z**2 + 6*z. Let y(b) = -13*b**3 - 25*b**2 - 11*b. Let o(q) = 11*k(q) + 6*y(q). What is o(-7)?
0
Let p(x) = -2 - 90*x + 48*x + 51*x + 4. Calculate p(-3).
-25
Suppose 2*s + 2*o = s + 8, 2*s - 3*o - 51 = 0. Let r = -22 + s. Let w(z) = z**2 + 5*z. Determine w(r).
-4
Suppose 13 = -2*c + 15. Let y(t) = -15*t**3 - t**2 + t. Calculate y(c).
-15
L